 133141?
-131031
In base 16, what is -118f3 - 19?
-1190c
In base 9, what is -1644 + -822?
-2566
In base 2, what is 100011001 - -10?
100011011
In base 11, what is 4 + 3610?
3614
In base 11, what is 10980 + -1?
1097a
In base 10, what is 9 + -55282?
-55273
In base 6, what is 0 + 51213?
51213
In base 13, what is -732 + -17a?
-8ac
In base 5, what is -103110 + -3?
-103113
In base 7, what is 601 - -54?
655
In base 7, what is -1232165 - 5?
-1232203
In base 14, what is -328 - 2d18?
-3242
In base 3, what is 2 + -110122021?
-110122012
In base 14, what is -113 - -312?
1dd
In base 5, what is 424113013 + 0?
424113013
In base 16, what is 2 + 624a?
624c
In base 13, what is 8 + -19274?
-19269
In base 5, what is -22121 + 2113?
-20003
In base 9, what is 2 - -8320?
8322
In base 13, what is -3 + 53718?
53715
In base 8, what is -150 - 134?
-304
In base 16, what is -3 - 6447d?
-64480
In base 2, what is -110110000 - 1001110010?
-10000100010
In base 14, what is -3 + -43c5?
-43c8
In base 15, what is 0 + -10c3a?
-10c3a
In base 16, what is 3 - 5021?
-501e
In base 12, what is -650 + -857?
-12a7
In base 16, what is -28 - 35f?
-387
In base 13, what is 1c271 + 13?
1c284
In base 9, what is 21784 + 108?
22003
In base 7, what is 23 - -56156?
56212
In base 3, what is -1012111120 + -12?
-1012111202
In base 5, what is -3443144 - 10?
-3443204
In base 13, what is -5 + -2975?
-297a
In base 13, what is -133 - -3616?
34b3
In base 14, what is 3783d4 + 4?
3783d8
In base 11, what is 6781 + -170?
6611
In base 12, what is -1999 - -46?
-1953
In base 9, what is -2 - -3?
1
In base 13, what is 28 - 2686?
-265b
In base 10, what is -1088 + 109?
-979
In base 9, what is 125 - -38?
164
In base 5, what is -4310240 + 2?
-4310233
In base 11, what is -3694 + 37?
-3658
In base 7, what is -131 + 40631?
40500
In base 11, what is -966 - 2a?
-995
In base 11, what is 278 + 19a2?
216a
In base 2, what is -10000111001111000001 + 10?
-10000111001110111111
In base 7, what is -2 + -64?
-66
In base 8, what is -7 + 22636?
22627
In base 16, what is -2 + -30a22?
-30a24
In base 14, what is -3 - -ad3d2?
ad3cd
In base 5, what is 431141 - -142?
431333
In base 3, what is 10012010110 - -1?
10012010111
In base 8, what is 23 + 142166?
142211
In base 10, what is -94333 - 2?
-94335
In base 8, what is -16 - 214211?
-214227
In base 12, what is 5a6 - 11?
595
In base 9, what is 61323 - -1?
61324
In base 6, what is 1253 - -15242?
20535
In base 8, what is 55146 - 4?
55142
In base 10, what is 2298 + 21?
2319
In base 11, what is 4 + 317a2?
317a6
In base 2, what is 1010110 - -1101100110?
1110111100
In base 16, what is d + -23597?
-2358a
In base 2, what is 11010100 + -100001001?
-110101
In base 5, what is 1221412 + -11?
1221401
In base 7, what is 6554253 - 1?
6554252
In base 13, what is -1658 + 337?
-1321
In base 11, what is 357 + 142?
499
In base 13, what is -4 + 3851?
384a
In base 11, what is 8 + -91?
-84
In base 8, what is -2 + 7173163?
7173161
In base 14, what is 3 + -5d67?
-5d64
In base 7, what is -5400 - -11?
-5356
In base 13, what is -19574 + -4?
-19578
In base 3, what is 2112022021 - 2?
2112022012
In base 9, what is -131 + 21?
-110
In base 11, what is 374 - 15?
35a
In base 13, what is 2 - 4811?
-480c
In base 4, what is -303132 + -200?
-303332
In base 2, what is 100 + -10001011110000?
-10001011101100
In base 9, what is -2 - 555400?
-555402
In base 4, what is -1002 + -32100131?
-32101133
In base 15, what is 1a + 109bb?
109d6
In base 4, what is 1033 + 22312?
30011
In base 12, what is -180890 - 2?
-180892
In base 3, what is 102111222112 + -12?
102111222100
In base 15, what is 843a + -5?
8435
In base 10, what is -577 - 2150?
-2727
In base 7, what is 1 - -15603332?
15603333
In base 7, what is -3 + 4455?
4452
In base 8, what is 105105 - -1?
105106
In base 13, what is 0 + 4730b?
4730b
In base 16, what is 82 + dd?
15f
In base 3, what is -10010 + 102120002?
102102222
In base 4, what is -33 + -11103210?
-11103303
In base 4, what is -31 - 21323112?
-21323203
In base 9, what is 4 + 66704?
66708
In base 6, what is 210021 - -123?
210144
In base 11, what is 185 + 1083?
1258
In base 4, what is -1211123 - 102?
-1211231
In base 11, what is 43071 + a?
43080
In base 2, what is -111111101010 - 100010?
-1000000001100
In base 14, what is -5 - -785db?
785d6
In base 10, what is -6309 - -22?
-6287
In base 15, what is 1acc5 - -4?
1acc9
In base 7, what is 3 - 3545460?
-3545454
In base 14, what is -2533 - 5?
-2538
In base 3, what is -20 + -1011011?
-1011101
In base 8, what is -15 - 13150?
-13165
In base 14, what is 2 + 7d1?
7d3
In base 7, what is 3 + -4223610?
-4223604
In base 16, what is 1260b6 + 0?
1260b6
In base 6, what is -511 - -112?
-355
In base 14, what is -2c + -63216?
-63244
In base 12, what is 374 - 74b?
-397
In base 5, what is 110311 + 3?
110314
In base 6, what is -21010 - 2?
-21012
In base 10, what is 4 - -152336?
152340
In base 16, what is -f4 + 17e?
8a
In base 2, what is -1010001010111110 - 11?
-1010001011000001
In base 5, what is 3 - 14110431?
-14110423
In base 7, what is -200 + -21332?
-21532
In base 2, what is 1101011 + -100100100000101?
-100100010011010
In base 15, what is -5 + -b953?
-b958
In base 16, what is -67 - -80b?
7a4
In base 3, what is 222211211111 - -1?
222211211112
In base 10, what is 66 - -23440?
23506
In base 2, what is 100011111000001 + 1111011?
100100000111100
In base 7, what is -4100 + 33?
-4034
In base 12, what is -4 - -27aa8?
27aa4
In base 15, what is -1 - 3dc7?
-3dc8
In base 6, what is 3 + 455140?
455143
In base 3, what is 12121 - -11202?
101100
In base 6, what is -2 - -14025?
14023
In base 6, what is 505252 - 43?
505205
In base 4, what is -221 + 100112321?
100112100
In base 15, what is -6 + -5e4?
-5ea
In base 16, what is -3b - 3a6?
-3e1
In base 8, what is -1106 - -141?
-745
In base 15, what is cba04 + -4?
cba00
In base 7, what is 23 + -4345?
-4322
In base 3, what is -12020 + 1120?
-10200
In base 12, what is -42a4 - -5b?
-4245
In base 13, what is 2a9 - -64?
340
In base 7, what is 12011021 - -2?
12011023
In base 2, what is 100011110111 + 10101?
100100001100
In base 5, what is -201234314 - -3?
-201234311
In base 13, what is 3 - -aa14?
aa17
In base 9, what is 41623 - -3?
41626
In base 10, what is 352 - 72?
280
In base 4, what is 2100012032 - 1?
2100012031
In base 11, what is 6072a - -1?
60730
In base 14, what is 6 - 1a02?
-19da
In base 15, what is 9 - 65b90?
-65b86
In base 8, what is 3 - 203416?
-203413
In base 12, what is -1a9a9 + 3?
-1a9a6
In base 11, what is -2 - 95475?
-95477
In base 7, what is -103 + 64601?
64465
In base 11, what is -a56 + -50?
-aa6
In base 7, what is 16112 - -566?
20011
In base 8, what is 2 + -16620?
-16616
In base 15, what is 2c - -13a?
167
In base 14, what is 35 - -1c3?
218
In base 6, what is 52513 + -5?
52504
In base 3, what is 20000221 - 112?
20000102
In base 2, what is -100011000011001001 + -1011?
-100011000011010100
In base 12, what is 60a - -1?
60b
In base 6, what is -312 - -421030?
420314
In base 16, what is -44dec8 + 4?
-44dec4
In base 7, what is 2113406 - 2?
2113404
In base 14, what is -5 - -8930?
8929
In base 14, what is -166a + 83?
-15c7
In base 3, what is -121 - 12020200110?
-12020201001
In base 11, what is -1544 + -a53?
-2497
In base 10, what is -163095 + 0?
-163095
In base 14, what is -1 - 12cb9?
-12cba
In base 9, what is 236736 + -3?
236733
In base 5, what is -3 - 43410402?
-43410410
In base 8, what is 3277 + 1?
3300
In base 9, what is 7 - 17186?
-17178
In base 15, what is -50 + -b88?
-bd8
In base 4, what is -1223212000 + 3?
-1223211331
In base 12, what is -66 - -117?
71
In base 13, what is 68 - 6315?
-627a
In base 14, what is 2d7048 - 2?
2d7046
In base 4, what is -1 - 1310202?
-1310203
In base 11, what is -3 + 129269?
129266
In base 9, what is -32667 - 80?
-32757
In base 9, what is -23 - 20571?
-20604
In base 14, what is a + 102c?
1038
In base 8, what is -61 + 37013?
36732
In base 14, what is -44 - 29?
-6d
In base 6, what is -31 - -1103?
1032
In base 9, what is -3402453 + -2?
-3402455
In base 9, what is 16862 + 64?
17036
In base 12, what is 0 + 57b7?
57b7
In base 5, what is 0 - 123140423?
-123140423
In base 12, what is -21 + a3?
82
In base 16, what is d64 + -a?
d5a
In base 3, what is 22201111 - -12?
22201200
In base 7, what is 56 - -163255?
163344
In base 13, what is -3 + -17945?
-1